{"id":175,"date":"2016-07-12T14:58:56","date_gmt":"2016-07-12T14:58:56","guid":{"rendered":"https:\/\/blindastrid.com\/?page_id=175"},"modified":"2026-03-12T12:41:46","modified_gmt":"2026-03-12T11:41:46","slug":"band-history","status":"publish","type":"page","link":"https:\/\/blindastrid.com\/?page_id=175","title":{"rendered":"BAR Related Releases"},"content":{"rendered":"\n<p><\/p>\n\n\n\n<p><strong>Men On The Border<br>Live in Brighton<\/strong><\/p>\n\n\n\n<figure class=\"wp-block-image size-medium\"><a href=\"https:\/\/media.blindastrid.com\/2026\/03\/MOTB-Live-in-Brighton-artwork.jpg\"><img loading=\"lazy\" decoding=\"async\" width=\"300\" height=\"300\" src=\"https:\/\/media.blindastrid.com\/2026\/03\/MOTB-Live-in-Brighton-artwork-300x300.jpg\" alt=\"\" class=\"wp-image-5805\" srcset=\"https:\/\/media.blindastrid.com\/2026\/03\/MOTB-Live-in-Brighton-artwork-300x300.jpg 300w, https:\/\/media.blindastrid.com\/2026\/03\/MOTB-Live-in-Brighton-artwork-150x150.jpg 150w, https:\/\/media.blindastrid.com\/2026\/03\/MOTB-Live-in-Brighton-artwork.jpg 448w\" sizes=\"auto, (max-width: 300px) 100vw, 300px\" \/><\/a><\/figure>\n\n\n\n<p class=\"has-small-font-size\"><br><strong><a href=\"https:\/\/open.spotify.com\/album\/6MStF6YtxCYNY7FTIoeNzq?si=FCjssqAjSqipodOHGfsCgQ\" data-type=\"link\" data-id=\"https:\/\/open.spotify.com\/album\/6MStF6YtxCYNY7FTIoeNzq?si=FCjssqAjSqipodOHGfsCgQ\">SPOTIFY<\/a><\/strong><\/p>\n\n\n\n<p class=\"has-small-font-size\"><span style=\"color: #ff0000;\"><strong>\u2193\u00a0<em>Tracks<\/em><\/strong><\/span><\/p>\n\n\n\n<p class=\"has-small-font-size\"><strong>Terrapin<br>No Good Trying<br>Scream Thy Last Scream<br>Long Gone<br>Gigolo Aunt<br>Late Night<br>Octopus<br>Warm From You<br>Baby Lemonade<\/strong><\/p>\n\n\n\n<p class=\"has-small-font-size\"><span style=\"color: #ff0000;\"><strong>\u2193\u2193 <\/strong><\/span><em><strong><span style=\"color: #ff0000;\">Credits &amp; Production<\/span><\/strong><\/em><\/p>\n\n\n\n<p class=\"has-small-font-size\"><em>All songs written by Syd Barret and arranged by Phil Etheridge.<br>Recorded live at The Prince Albert, Brighton, England on 12 June 2015.<br>Mixed and mastered by Phil Etheridge, autumn 2015.<br>Released on 15 November 2015.<\/em><\/p>\n\n\n\n<p class=\"has-small-font-size\"><span style=\"color: #ff0000;\"><strong>\u2193\u2193\u2193 <\/strong><\/span><em><strong><span style=\"color: #ff0000;\">Lineup<\/span><\/strong><\/em><\/p>\n\n\n\n<p class=\"has-small-font-size\"><em>G\u00f6ran Nystr\u00f6m &#8211; lead vocals, acoustic guitar<br>Phil Etheridge &#8211; vocals, electric guitar<br>Lasse Forsberg &#8211; electric guitar, backing vocals<br>David Herbie Parkin &#8211; bass, backing vocals<br>Bj\u00f6rn Hammarberg &#8211; drums, backing vocals<\/em><\/p>\n\n\n\n<p class=\"has-small-font-size\"><\/p>\n\n\n\n<hr class=\"wp-block-separator has-alpha-channel-opacity\"\/>\n\n\n<p><strong>Glendolins<\/strong><br \/><strong>Mellan M\u00e5nen och Bers\u00e5n<\/strong><\/p>\n<\/p>\n\n\n<figure class=\"wp-block-image size-medium\"><a href=\"https:\/\/media.blindastrid.com\/2026\/03\/CD-cover.jpg\"><img loading=\"lazy\" decoding=\"async\" width=\"300\" height=\"290\" src=\"https:\/\/media.blindastrid.com\/2026\/03\/CD-cover-300x290.jpg\" alt=\"\" class=\"wp-image-5817\" srcset=\"https:\/\/media.blindastrid.com\/2026\/03\/CD-cover-300x290.jpg 300w, https:\/\/media.blindastrid.com\/2026\/03\/CD-cover-768x743.jpg 768w, https:\/\/media.blindastrid.com\/2026\/03\/CD-cover-750x726.jpg 750w, https:\/\/media.blindastrid.com\/2026\/03\/CD-cover.jpg 992w\" sizes=\"auto, (max-width: 300px) 100vw, 300px\" \/><\/a><\/figure>\n\n\n\n<p class=\"has-small-font-size\"><br>CD Album<br>Label: Deaf &amp; Dumb Records<br>Catalogue no: DD-044<br>Release date: 2 December 1998<\/p>\n\n\n\n<p class=\"has-small-font-size\"><span style=\"color: #ff0000;\"><strong>\u2193\u00a0<em>Tracks<\/em><\/strong><\/span><\/p>\n\n\n\n<p class=\"has-small-font-size\"><strong>Jag dansar aldrig i Kungsg\u00e5rden<\/strong><br><strong>Sjumilas\u00e5ng (Bland tomtar och troll)<br>Too much Ledin i min radio<br>Materialf\u00f6rvaltarens dotter<br>Zeppelina<br>Helgdagskv\u00e4ll i hundkojan<\/strong><br><strong>Underfundom p\u00e5 Marangoni<br>Gruvboots &amp; s\u00f6ndagsmiddag<br>Det m\u00e5ste vara lite tr\u00e5kigt ibland<br>Now or n\u00e4verlur<br>Garfunkel och jag<\/strong><\/p>\n\n\n\n<p class=\"has-small-font-size\"><strong>Zeppelina [hidden track, rehearsal version]<\/strong><\/p>\n\n\n\n<p class=\"has-small-font-size\"><strong><span style=\"color: #ff0000;\">\u2193\u2193 <\/span><em><span style=\"color: #ff0000;\">Credits &amp; Production<\/span><\/em><\/strong><\/p>\n\n\n\n<p class=\"has-small-font-size\"><em>All songs written by Lasse Forsberg, except<br>Zeppelina, written by Chuck Wagon, Glen Laughlin &amp; Leonard Graves Phillips<\/em><br><br><em>Recorded at Studio Acetone, Stockholm<br>Sound engineer, mixer and maskinchef: Michael RIP Borgh<\/em><\/p>\n\n\n\n<p class=\"has-small-font-size\"><em>Photography by Jimmy Johansson<\/em><br><em>Artwork by Lasse Forsberg &amp; Oscar Norb\u00e4ck<\/em><\/p>\n\n\n\n<p class=\"has-small-font-size\"><span style=\"color: #ff0000;\"><strong>\u2193\u2193\u2193 <\/strong><\/span><em><strong><span style=\"color: #ff0000;\">Lineup<\/span><\/strong><\/em><\/p>\n\n\n\n<p class=\"has-small-font-size\"><em>Lasse Forsberg &#8211; lead vocals, electric guitar<br>Anders Thomasson &#8211; double-bass, bass guitar, backing vocals<br>Ingemar Dunker &#8211; drums, tambourine<\/em><\/p>\n\n\n\n<p class=\"has-vivid-red-color has-text-color has-link-color has-small-font-size wp-elements-633fb3358148cb30a400eb812209e88e\"><em><strong>Additional musicians<\/strong><\/em><\/p>\n\n\n\n<p class=\"has-small-font-size\"><em>Anna Bauer &#8211; backing vocals<br>Stina Bauer &#8211; backing vocals<br>Ola Broquist &#8211; backing vocals [Zeppelina]<br>Lars Eriksson &#8211; violin<br>Anna Ivanova &#8211; violin [Garfunkel &amp; jag]<br>Raymond King &#8211; cello [Garfunkel &amp; jag]<\/em><br><em>Per H\u00e5kansson &#8211; soprano sax &amp; transverse flute<\/em><br><em>Michael RIP Borgh &#8211; guitar solo [Now or N\u00e4verlur]<\/em><br><\/p>\n\n\n\n<hr class=\"wp-block-separator has-alpha-channel-opacity\"\/>\n\n\n\n<hr class=\"wp-block-separator has-alpha-channel-opacity\"\/>\n\n\n\n<p><strong>Glendolins<\/strong><br><strong>Med Hj\u00e4rtat i Varggropen<\/strong><\/p>\n\n\n\n<figure class=\"wp-block-image\"><a href=\"https:\/\/media.blindastrid.com\/2024\/11\/Glendolins-Med-Hjartat-i-Varggropen-album-outtake-promo-single.jpg\"><img loading=\"lazy\" decoding=\"async\" width=\"300\" height=\"300\" src=\"https:\/\/media.blindastrid.com\/2024\/11\/Glendolins-Med-Hjartat-i-Varggropen-album-outtake-promo-single-300x300.jpg\" alt=\"\" class=\"wp-image-3713\" srcset=\"https:\/\/media.blindastrid.com\/2024\/11\/Glendolins-Med-Hjartat-i-Varggropen-album-outtake-promo-single-300x300.jpg 300w, https:\/\/media.blindastrid.com\/2024\/11\/Glendolins-Med-Hjartat-i-Varggropen-album-outtake-promo-single-150x150.jpg 150w, https:\/\/media.blindastrid.com\/2024\/11\/Glendolins-Med-Hjartat-i-Varggropen-album-outtake-promo-single-768x768.jpg 768w, https:\/\/media.blindastrid.com\/2024\/11\/Glendolins-Med-Hjartat-i-Varggropen-album-outtake-promo-single-750x750.jpg 750w, https:\/\/media.blindastrid.com\/2024\/11\/Glendolins-Med-Hjartat-i-Varggropen-album-outtake-promo-single.jpg 907w\" sizes=\"auto, (max-width: 300px) 100vw, 300px\" \/><\/a><\/figure>\n\n\n\n<p class=\"has-small-font-size\"><br>Very rare CD single<br><br><span style=\"color: #ff0000;\"><strong>\u2193\u00a0<em>Track<\/em><\/strong><\/span><\/p>\n\n\n\n<p class=\"has-small-font-size\"><strong>Med Hj\u00e4rtat i Varggropen<\/strong> <em>(album take-out)<\/em><br><br><em>Words: Lasse Forsberg\/Esa Toivonen<br>Music: Lasse Forsberg<\/em><\/p>\n\n\n\n<p class=\"has-small-font-size\"><strong><span style=\"color: #ff0000;\">\u2193\u2193 <\/span><em><span style=\"color: #ff0000;\">Credits &amp; Production<\/span><\/em><\/strong><\/p>\n\n\n\n<p class=\"has-small-font-size\"><em>Recorded at Studio Acetone, Stockholm<br>Sound engineer, mixer and maskinchef: Michael RIP Borgh<\/em><\/p>\n\n\n\n<p class=\"has-small-font-size\"><em>Photography by Jimmy Johansson<\/em><br><em>Artwork by Lasse Forsberg &amp; Oscar Norb\u00e4ck<\/em><\/p>\n\n\n\n<p class=\"has-small-font-size\"><span style=\"color: #ff0000;\"><strong>\u2193\u2193\u2193 <\/strong><\/span><em><strong><span style=\"color: #ff0000;\">Lineup<\/span><\/strong><\/em><\/p>\n\n\n\n<p class=\"has-small-font-size\"><em>Lasse Forsberg &#8211; lead vocals, electric guitar<br>Anders Thomasson &#8211; double-bass, bass guitar, backing vocals<br>Ingemar Dunker &#8211; drums, tambourine<\/em><\/p>\n\n\n\n<p class=\"has-vivid-red-color has-text-color has-link-color has-small-font-size wp-elements-633fb3358148cb30a400eb812209e88e\"><em><strong>Additional musicians<\/strong><\/em><\/p>\n\n\n\n<p class=\"has-small-font-size\"><em>Anna Bauer &#8211; backing vocals<br>Stina Bauer &#8211; backing vocals<\/em><\/p>\n\n\n\n<hr class=\"wp-block-separator has-alpha-channel-opacity\"\/>\n\n\n\n<hr class=\"wp-block-separator has-alpha-channel-opacity\"\/>\n\n\n\n<p id=\"hsart-skrytpryl-80\"><strong>HS Art<br>Skrytpryl &#8217;80<\/strong><\/p>\n\n\n\n<figure class=\"wp-block-image size-medium\"><a href=\"#skrytpryl\"><img loading=\"lazy\" decoding=\"async\" width=\"300\" height=\"300\" src=\"https:\/\/media.blindastrid.com\/2025\/09\/HS-Art-cover-300x300.jpg\" alt=\"\" class=\"wp-image-5313\" srcset=\"https:\/\/media.blindastrid.com\/2025\/09\/HS-Art-cover-300x300.jpg 300w, https:\/\/media.blindastrid.com\/2025\/09\/HS-Art-cover-1020x1024.jpg 1020w, https:\/\/media.blindastrid.com\/2025\/09\/HS-Art-cover-150x150.jpg 150w, https:\/\/media.blindastrid.com\/2025\/09\/HS-Art-cover-768x771.jpg 768w, https:\/\/media.blindastrid.com\/2025\/09\/HS-Art-cover-750x753.jpg 750w, https:\/\/media.blindastrid.com\/2025\/09\/HS-Art-cover.jpg 1408w\" sizes=\"auto, (max-width: 300px) 100vw, 300px\" \/><\/a><\/figure>\n\n\n\n<p class=\"has-small-font-size\"><br>Vinyl EP: Akut Debut Records<br>Catalogue Number: HS-EP-001-80<br>Release date: December 1980<\/p>\n\n\n\n<p class=\"has-vivid-red-color has-text-color has-link-color has-small-font-size wp-elements-fe6216a947dd4e417ad4e0312d06a699\"><strong>\u2193 Tracks<\/strong><\/p>\n\n\n\n<p class=\"has-small-font-size\"><strong>A side:<\/strong><\/p>\n\n\n\n<p class=\"has-small-font-size\">1   <strong>Vattenplask<\/strong><br><em>words &amp; music: H\u00e5kan Svensson\/Lasse Forsberg<\/em><\/p>\n\n\n\n<p class=\"has-small-font-size\">2   <strong>Den Kvarblivna Myran<\/strong><br><em>Words &amp; music: H\u00e5kan Svensson\/Lasse Forsberg<\/em><\/p>\n\n\n\n<p class=\"has-small-font-size\"><strong>B side:<\/strong><\/p>\n\n\n\n<p class=\"has-small-font-size\">1  <strong>Jag Vill Inte&#8230;<\/strong><br><em>Words &amp; music: Lasse Forsberg\/Tommy Carlsson\/H\u00e5kan Svensson<\/em><br><br>2   <strong>TV-\u00c4lskarens B\u00f6n<\/strong><br><em>words &amp; music: Lasse Forsberg<\/em><\/p>\n\n\n\n<p class=\"has-vivid-red-color has-text-color has-link-color has-small-font-size wp-elements-ede229cb1bc1cb1d10313664f494f1af\"><strong>\u2193\u2193 Line-ups<\/strong><\/p>\n\n\n\n<p class=\"has-small-font-size\"><em>H\u00e5kan Svensson &#8211; lead vocals (tracks A1 &amp; A2) &amp; bass guitar<\/em><\/p>\n\n\n\n<p class=\"has-small-font-size\"><em>Tommy Carlsson &#8211; lead vocals (track B1) &amp; guitars<\/em><\/p>\n\n\n\n<p class=\"has-small-font-size\"><em>Lasse Forsberg &#8211; lead vocals (track B2) &amp; drums<\/em><\/p>\n\n\n\n<p class=\"has-vivid-red-color has-text-color has-link-color has-small-font-size wp-elements-b76dde30f0475a74801dd339cda88347\"><strong>\u2193\u2193\u2193 Production<\/strong><\/p>\n\n\n\n<p class=\"has-small-font-size\"><em>Recorded at G\u00e4vle Ljudstudio (Hille)<\/em><br><em>Engineer and producer: Tomas \u00d6strand<\/em><br><em>Photography: Bernt Forsberg<\/em><\/p>\n\n\n\n<p class=\"has-small-font-size\"><em>Cover design by HS Art<\/em><\/p>\n\n\n\n<hr class=\"wp-block-separator has-alpha-channel-opacity\"\/>\n\n\n\n<hr class=\"wp-block-separator has-alpha-channel-opacity\"\/>\n\n\n\n<p><strong>Stevepops\/Elvert Under Ground &#8211; Christmas Day<\/strong><\/p>\n\n\n\n<figure class=\"wp-block-image size-medium\"><a href=\"https:\/\/media.blindastrid.com\/2016\/07\/XDR-001.jpg\"><img loading=\"lazy\" decoding=\"async\" width=\"300\" height=\"300\" src=\"https:\/\/media.blindastrid.com\/2016\/07\/XDR-001-300x300.jpg\" alt=\"\" class=\"wp-image-641\" srcset=\"https:\/\/media.blindastrid.com\/2016\/07\/XDR-001-300x300.jpg 300w, https:\/\/media.blindastrid.com\/2016\/07\/XDR-001-150x150.jpg 150w, https:\/\/media.blindastrid.com\/2016\/07\/XDR-001-768x769.jpg 768w, https:\/\/media.blindastrid.com\/2016\/07\/XDR-001-1024x1024.jpg 1024w, https:\/\/media.blindastrid.com\/2016\/07\/XDR-001-750x751.jpg 750w\" sizes=\"auto, (max-width: 300px) 100vw, 300px\" \/><\/a><\/figure>\n\n\n\n<p class=\"has-small-font-size\"><br><strong>7&#8243; vinyl split single<br>Xmas Death Records. XDR-001<br>Release date: December 1991<\/strong><\/p>\n\n\n\n<p class=\"has-vivid-red-color has-text-color has-link-color has-small-font-size wp-elements-fe6216a947dd4e417ad4e0312d06a699\"><strong>\u2193 Tracks<\/strong><\/p>\n\n\n\n<p class=\"has-small-font-size\"><strong>A side:<\/strong><\/p>\n\n\n\n<p class=\"has-small-font-size\"><strong>Stevepops\/Elvert Under Ground &#8211; Christmas Day<\/strong><br><em>words &amp; music: Gunnar Thors\u00e9n\/Torbj\u00f6rn Thors\u00e9n<\/em><\/p>\n\n\n\n<p class=\"has-small-font-size\"><strong>B side:<\/strong><\/p>\n\n\n\n<p class=\"has-small-font-size\"><strong>Elvert Under Ground &#8211; Sunset Home<\/strong><br><em>words &amp; music: Lasse Forsberg<\/em><\/p>\n\n\n\n<p class=\"has-small-font-size\"><strong>Stevepops &#8211; Blunder<\/strong><br><em>words &amp; music: Gunnar Thors\u00e9n\/Torbj\u00f6rn Thors\u00e9n<\/em><\/p>\n\n\n\n<p class=\"has-vivid-red-color has-text-color has-link-color has-small-font-size wp-elements-ede229cb1bc1cb1d10313664f494f1af\"><strong>\u2193\u2193 Line-ups<\/strong><\/p>\n\n\n\n<p class=\"has-small-font-size\"><strong>Stevepops<\/strong><\/p>\n\n\n\n<p class=\"has-small-font-size\"><em>Gunnar Thors\u00e9n &#8211; lead vocals &amp; guitar<\/em><\/p>\n\n\n\n<p class=\"has-small-font-size\"><em>Torbj\u00f6rn Thors\u00e9n &#8211; lead vocals &amp; guitar<\/em><\/p>\n\n\n\n<p class=\"has-small-font-size\"><em>Paul Lernmark &#8211; bass guitar<\/em><\/p>\n\n\n\n<p class=\"has-small-font-size\"><em>Jonas Adler &#8211; drums<\/em><\/p>\n\n\n\n<p class=\"has-small-font-size\"><strong>Elvert Under Ground<\/strong><\/p>\n\n\n\n<p class=\"has-small-font-size\"><em>Lasse Forsberg &#8211; lead vocals, tin whistle &amp; guitar<\/em><\/p>\n\n\n\n<p class=\"has-small-font-size\"><em>Ola Broquist &#8211; bass guitar, mandolin &amp; backing vocals<\/em><\/p>\n\n\n\n<p class=\"has-small-font-size\"><em>George Hastings &#8211; banjo, mandolin and bodhr\u00e1n<\/em><\/p>\n\n\n\n<p class=\"has-small-font-size\"><em>Lennart \u00d6stblom &#8211; fiddle<\/em><\/p>\n\n\n\n<p class=\"has-vivid-red-color has-text-color has-link-color has-small-font-size wp-elements-b76dde30f0475a74801dd339cda88347\"><strong>\u2193\u2193\u2193 Production<\/strong><\/p>\n\n\n\n<p class=\"has-small-font-size\"><em><strong>Christmas Day &amp; Blunder<\/strong> were recorded at Megaton Studio, Hofors<\/em><br><em>Engineer and producer: Micke Jansson<\/em><\/p>\n\n\n\n<p class=\"has-small-font-size\"><em><strong>Sunset Home<\/strong> was recorded at G\u00e4vle Ljudstudio<\/em><br><em>Engineer and producer: Andreas Ahl\u00e9nius<\/em><\/p>\n\n\n\n<p class=\"has-small-font-size\"><em>Cover design by John Boqvist<\/em><\/p>\n\n\n\n<hr class=\"wp-block-separator has-alpha-channel-opacity\"\/>\n\n\n\n<hr class=\"wp-block-separator has-alpha-channel-opacity\"\/>\n\n\n\n\n<div class=\"wp-block-site-logo\"><a href=\"https:\/\/blindastrid.com\/\" class=\"custom-logo-link\" rel=\"home\"><img loading=\"lazy\" decoding=\"async\" width=\"835\" height=\"271\" src=\"https:\/\/media.blindastrid.com\/2021\/02\/cropped-BAR-Skull-3-1.jpg\" class=\"custom-logo\" alt=\"BLIND ASTRID RECORDS\" srcset=\"https:\/\/media.blindastrid.com\/2021\/02\/cropped-BAR-Skull-3-1.jpg 2434w, https:\/\/media.blindastrid.com\/2021\/02\/cropped-BAR-Skull-3-1-300x97.jpg 300w, https:\/\/media.blindastrid.com\/2021\/02\/cropped-BAR-Skull-3-1-1024x332.jpg 1024w, https:\/\/media.blindastrid.com\/2021\/02\/cropped-BAR-Skull-3-1-768x249.jpg 768w, https:\/\/media.blindastrid.com\/2021\/02\/cropped-BAR-Skull-3-1-1536x499.jpg 1536w, https:\/\/media.blindastrid.com\/2021\/02\/cropped-BAR-Skull-3-1-2048x665.jpg 2048w, https:\/\/media.blindastrid.com\/2021\/02\/cropped-BAR-Skull-3-1-1200x389.jpg 1200w, https:\/\/media.blindastrid.com\/2021\/02\/cropped-BAR-Skull-3-1-1980x643.jpg 1980w\" sizes=\"auto, (max-width: 835px) 100vw, 835px\" \/><\/a><\/div>","protected":false},"excerpt":{"rendered":"<p>Men On The BorderLive in Brighton SPOTIFY \u2193\u00a0Tracks TerrapinNo Good TryingScream Thy Last ScreamLong GoneGigolo AuntLate NightOctopusWarm From YouBaby Lemonade \u2193\u2193 Credits &amp; Production All songs written by Syd Barret and arranged by Phil Etheridge.Recorded live at The Prince Albert, Brighton, England on 12 June 2015.Mixed and mastered by Phil Etheridge, autumn 2015.Released on 15 <a href=\"https:\/\/blindastrid.com\/?page_id=175\" class=\"more-link\">Continue reading <span class=\"screen-reader-text\">BAR Related Releases<\/span> <span class=\"meta-nav\">&rarr;<\/span><\/a><\/p>\n","protected":false},"author":1,"featured_media":3713,"parent":0,"menu_order":0,"comment_status":"closed","ping_status":"closed","template":"","meta":{"footnotes":""},"class_list":["post-175","page","type-page","status-publish","has-post-thumbnail","hentry"],"_links":{"self":[{"href":"https:\/\/blindastrid.com\/index.php?rest_route=\/wp\/v2\/pages\/175","targetHints":{"allow":["GET"]}}],"collection":[{"href":"https:\/\/blindastrid.com\/index.php?rest_route=\/wp\/v2\/pages"}],"about":[{"href":"https:\/\/blindastrid.com\/index.php?rest_route=\/wp\/v2\/types\/page"}],"author":[{"embeddable":true,"href":"https:\/\/blindastrid.com\/index.php?rest_route=\/wp\/v2\/users\/1"}],"replies":[{"embeddable":true,"href":"https:\/\/blindastrid.com\/index.php?rest_route=%2Fwp%2Fv2%2Fcomments&post=175"}],"version-history":[{"count":51,"href":"https:\/\/blindastrid.com\/index.php?rest_route=\/wp\/v2\/pages\/175\/revisions"}],"predecessor-version":[{"id":5842,"href":"https:\/\/blindastrid.com\/index.php?rest_route=\/wp\/v2\/pages\/175\/revisions\/5842"}],"wp:featuredmedia":[{"embeddable":true,"href":"https:\/\/blindastrid.com\/index.php?rest_route=\/wp\/v2\/media\/3713"}],"wp:attachment":[{"href":"https:\/\/blindastrid.com\/index.php?rest_route=%2Fwp%2Fv2%2Fmedia&parent=175"}],"curies":[{"name":"wp","href":"https:\/\/api.w.org\/{rel}","templated":true}]}}